{"id":3,"date":"2021-12-30T18:04:47","date_gmt":"2021-12-30T18:04:47","guid":{"rendered":"https:\/\/atdtindomotica.com\/Indo\/?page_id=3"},"modified":"2026-05-08T20:13:49","modified_gmt":"2026-05-08T20:13:49","slug":"pol-priv","status":"publish","type":"page","link":"https:\/\/atdtindomotica.com\/inicio26\/pol-priv\/","title":{"rendered":"Pol\u00edticas de privacidad"},"content":{"rendered":"\n\n\n<div style=\"font-family: 'Source Sans 3', sans-serif; color: oklch(0.15 0.02 245); line-height: 1.6; max-width: 900px; margin: 0 auto; padding: 20px;\">\n\n  <!-- CABECERA PRINCIPAL -->\n  <div style=\"background: linear-gradient(to bottom, oklch(0.22 0.065 245), oklch(0.22 0.065 245 \/ 0.95)); color: white; padding: 40px; border-radius: 15px; margin-bottom: 30px;\">\n    <h1 style=\"font-family: 'Raleway', sans-serif; font-size: 36px; margin: 0 0 10px 0; letter-spacing: -0.02em;\">Pol\u00edtica de Privacidad<\/h1>\n    <p style=\"font-size: 18px; opacity: 0.9; margin: 0;\">Conoce c\u00f3mo protegemos tu informaci\u00f3n personal y tu privacidad<\/p>\n  <\/div>\n\n  <!-- \u00cdNDICE DE CONTENIDO -->\n  <div style=\"background: linear-gradient(to right, oklch(0.22 0.065 245 \/ 0.05), oklch(0.65 0.18 215 \/ 0.05)); padding: 30px; border-radius: 15px; border: 1px solid oklch(0.92 0.004 286.32); margin-bottom: 50px;\">\n    <h2 style=\"font-family: 'Raleway', sans-serif; color: oklch(0.22 0.065 245); font-size: 24px; margin-bottom: 20px;\">Contenido<\/h2>\n    <div style=\"display: grid; grid-template-columns: 1fr 1fr; gap: 15px;\">\n      <a href=\"#introduccion\" style=\"text-decoration: none; color: oklch(0.52 0.02 250); font-weight: 500;\">\u2014 Introducci\u00f3n<\/a>\n      <a href=\"#informacion-recogida\" style=\"text-decoration: none; color: oklch(0.52 0.02 250); font-weight: 500;\">\u2014 Informaci\u00f3n Recogida<\/a>\n      <a href=\"#uso-informacion\" style=\"text-decoration: none; color: oklch(0.52 0.02 250); font-weight: 500;\">\u2014 Uso de la Informaci\u00f3n<\/a>\n      <a href=\"#cookies\" style=\"text-decoration: none; color: oklch(0.52 0.02 250); font-weight: 500;\">\u2014 Cookies<\/a>\n      <a href=\"#enlaces-terceros\" style=\"text-decoration: none; color: oklch(0.52 0.02 250); font-weight: 500;\">\u2014 Enlaces a Terceros<\/a>\n      <a href=\"#control-informacion\" style=\"text-decoration: none; color: oklch(0.52 0.02 250); font-weight: 500;\">\u2014 Control de su Informaci\u00f3n<\/a>\n    <\/div>\n  <\/div>\n\n  <!-- SECCI\u00d3N 1: INTRODUCCI\u00d3N -->\n  <section id=\"introduccion\" style=\"margin-bottom: 40px; scroll-margin-top: 20px;\">\n    <h2 style=\"color: oklch(0.22 0.065 245); font-family: 'Raleway', sans-serif; font-size: 28px; border-left: 5px solid oklch(0.65 0.18 215); padding-left: 15px;\">Introducci\u00f3n<\/h2>\n    <p>La presente Pol\u00edtica de Privacidad establece los t\u00e9rminos en que <strong>In&amp;Dom\u00f3tica ATdT &amp; G1, SA de CV<\/strong> usa y protege la informaci\u00f3n que es proporcionada por sus usuarios al momento de utilizar nuestro sitio web.<\/p>\n    <p>Estamos comprometidos con la seguridad de los datos de nuestros usuarios. Cuando le pedimos llenar campos de informaci\u00f3n personal, lo hacemos asegurando que s\u00f3lo se emplear\u00e1 de acuerdo con los t\u00e9rminos de este documento. Esta pol\u00edtica puede cambiar con el tiempo o ser actualizada, por lo que le recomendamos revisar continuamente esta p\u00e1gina.<\/p>\n  <\/section>\n\n  <!-- SECCI\u00d3N 2: INFORMACI\u00d3N RECOGIDA -->\n  <section id=\"informacion-recogida\" style=\"margin-bottom: 40px; scroll-margin-top: 20px;\">\n    <h2 style=\"color: oklch(0.22 0.065 245); font-family: 'Raleway', sans-serif; font-size: 28px; border-left: 5px solid oklch(0.65 0.18 215); padding-left: 15px;\">Informaci\u00f3n que es Recogida<\/h2>\n    <p>Nuestro sitio web podr\u00e1 recoger informaci\u00f3n personal como:<\/p>\n    <ul style=\"list-style: none; padding-left: 20px;\">\n      <li><span style=\"color: oklch(0.65 0.18 215);\">\u2022<\/span> Nombre completo<\/li>\n      <li><span style=\"color: oklch(0.65 0.18 215);\">\u2022<\/span> Informaci\u00f3n de contacto (correo electr\u00f3nico)<\/li>\n      <li><span style=\"color: oklch(0.65 0.18 215);\">\u2022<\/span> Informaci\u00f3n demogr\u00e1fica<\/li>\n      <li><span style=\"color: oklch(0.65 0.18 215);\">\u2022<\/span> Datos de empresa u organizaci\u00f3n<\/li>\n      <li><span style=\"color: oklch(0.65 0.18 215);\">\u2022<\/span> Informaci\u00f3n espec\u00edfica para procesar pedidos, entregas o facturaci\u00f3n<\/li>\n      <li><span style=\"color: oklch(0.65 0.18 215);\">\u2022<\/span> Detalles de proyectos y requerimientos t\u00e9cnicos<\/li>\n    <\/ul>\n  <\/section>\n\n  <!-- SECCI\u00d3N 3: USO DE LA INFORMACI\u00d3N -->\n  <section id=\"uso-informacion\" style=\"margin-bottom: 40px; scroll-margin-top: 20px;\">\n    <h2 style=\"color: oklch(0.22 0.065 245); font-family: 'Raleway', sans-serif; font-size: 28px; border-left: 5px solid oklch(0.65 0.18 215); padding-left: 15px;\">Uso de la Informaci\u00f3n Recogida<\/h2>\n    <p>Utilizamos la informaci\u00f3n con el fin de proporcionar el mejor servicio posible, particularmente para:<\/p>\n    <ul style=\"list-style: none; padding-left: 20px;\">\n      <li>\u2014 Mantener un registro de usuarios y clientes.<\/li>\n      <li>\u2014 Procesar pedidos y entregas.<\/li>\n      <li>\u2014 Mejorar nuestros productos y servicios.<\/li>\n      <li>\u2014 Enviar ofertas especiales y nuevos productos peri\u00f3dicamente.<\/li>\n      <li>\u2014 Realizar an\u00e1lisis estad\u00edsticos.<\/li>\n    <\/ul>\n    <p>Los correos electr\u00f3nicos peri\u00f3dicos pueden ser cancelados en cualquier momento. Utilizamos sistemas avanzados que se actualizan constantemente para mantener su informaci\u00f3n segura.<\/p>\n  <\/section>\n\n  <!-- SECCI\u00d3N 4: COOKIES -->\n  <section id=\"cookies\" style=\"margin-bottom: 40px; scroll-margin-top: 20px;\">\n    <h2 style=\"color: oklch(0.22 0.065 245); font-family: 'Raleway', sans-serif; font-size: 28px; border-left: 5px solid oklch(0.65 0.18 215); padding-left: 15px;\">Cookies<\/h2>\n    <p>Una cookie es un fichero enviado con la finalidad de solicitar permiso para almacenarse en su ordenador. Al aceptar dicho fichero se crea y sirve para tener informaci\u00f3n respecto al tr\u00e1fico web y facilita futuras visitas. Nuestro sitio web emplea cookies para identificar las p\u00e1ginas visitadas y su frecuencia \u00fanicamente para an\u00e1lisis estad\u00edstico.<\/p>\n    <p>Usted puede aceptar o negar el uso de cookies en la configuraci\u00f3n de su navegador. Si declina las cookies, es posible que no pueda utilizar algunos de nuestros servicios.<\/p>\n  <\/section>\n\n  <!-- SECCI\u00d3N 5: ENLACES A TERCEROS -->\n  <section id=\"enlaces-terceros\" style=\"margin-bottom: 40px; scroll-margin-top: 20px;\">\n    <h2 style=\"color: oklch(0.22 0.065 245); font-family: 'Raleway', sans-serif; font-size: 28px; border-left: 5px solid oklch(0.65 0.18 215); padding-left: 15px;\">Enlaces a Terceros<\/h2>\n    <p>Este sitio web pudiera contener enlaces a otros sitios que pudieran ser de su inter\u00e9s. Una vez que usted haga clic en estos enlaces y abandone nuestra p\u00e1gina, ya no tenemos control sobre el sitio al que es redirigido. No somos responsables de los t\u00e9rminos o privacidad ni de la protecci\u00f3n de sus datos en esos otros sitios terceros.<\/p>\n  <\/section>\n\n  <!-- SECCI\u00d3N 6: CONTROL DE INFORMACI\u00d3N PERSONAL -->\n  <section id=\"control-informacion\" style=\"margin-bottom: 40px; scroll-margin-top: 20px;\">\n    <h2 style=\"color: oklch(0.22 0.065 245); font-family: 'Raleway', sans-serif; font-size: 28px; border-left: 5px solid oklch(0.65 0.18 215); padding-left: 15px;\">Control de su Informaci\u00f3n Personal<\/h2>\n    <p>En cualquier momento usted puede restringir la recopilaci\u00f3n o el uso de la informaci\u00f3n personal proporcionada. Cada vez que se le solicite rellenar un formulario, puede marcar o desmarcar la opci\u00f3n de recibir informaci\u00f3n por correo electr\u00f3nico.<\/p>\n    <p><strong>In&amp;Dom\u00f3tica ATdT &amp; G1, SA de CV<\/strong> no vender\u00e1, ceder\u00e1 ni distribuir\u00e1 la informaci\u00f3n personal que es recopilada sin su consentimiento, salvo que sea requerido por un juez con una orden judicial.<\/p>\n  <\/section>\n\n  <!-- PIE DE P\u00c1GINA -->\n  <div style=\"margin-top: 60px; padding-top: 20px; border-top: 1px solid oklch(0.92 0.004 286.32); text-align: center;\">\n    <p style=\"font-size: 14px; color: oklch(0.52 0.02 250);\">\n      <span style=\"font-weight: bold;\">\u00daltima actualizaci\u00f3n:<\/span> Abril 2026<br>\n      Nos reservamos el derecho de cambiar los t\u00e9rminos de la presente Pol\u00edtica de Privacidad en cualquier momento.\n    <\/p>\n    <div style=\"margin-top: 30px; background: linear-gradient(to right, oklch(0.22 0.065 245 \/ 0.05), oklch(0.65 0.18 215 \/ 0.05)); padding: 20px; border-radius: 10px;\">\n      <h3 style=\"margin: 0 0 10px 0; color: oklch(0.22 0.065 245);\">\u00bfPreguntas sobre tu privacidad?<\/h3>\n      <p style=\"margin: 0;\">Si tienes dudas sobre c\u00f3mo protegemos tu informaci\u00f3n, no dudes en contactarnos.<\/p>\n    <\/div>\n  <\/div>\n\n<\/div>\n\n\n","protected":false},"excerpt":{"rendered":"","protected":false},"author":1,"featured_media":0,"parent":0,"menu_order":0,"comment_status":"closed","ping_status":"closed","template":"","meta":{"pagelayer_contact_templates":[],"_pagelayer_content":"","_monsterinsights_skip_tracking":false,"_monsterinsights_sitenote_active":false,"_monsterinsights_sitenote_note":"","_monsterinsights_sitenote_category":0,"footnotes":""},"class_list":["post-3","page","type-page","status-publish","hentry"],"_links":{"self":[{"href":"https:\/\/atdtindomotica.com\/inicio26\/wp-json\/wp\/v2\/pages\/3","targetHints":{"allow":["GET"]}}],"collection":[{"href":"https:\/\/atdtindomotica.com\/inicio26\/wp-json\/wp\/v2\/pages"}],"about":[{"href":"https:\/\/atdtindomotica.com\/inicio26\/wp-json\/wp\/v2\/types\/page"}],"author":[{"embeddable":true,"href":"https:\/\/atdtindomotica.com\/inicio26\/wp-json\/wp\/v2\/users\/1"}],"replies":[{"embeddable":true,"href":"https:\/\/atdtindomotica.com\/inicio26\/wp-json\/wp\/v2\/comments?post=3"}],"version-history":[{"count":4,"href":"https:\/\/atdtindomotica.com\/inicio26\/wp-json\/wp\/v2\/pages\/3\/revisions"}],"predecessor-version":[{"id":997,"href":"https:\/\/atdtindomotica.com\/inicio26\/wp-json\/wp\/v2\/pages\/3\/revisions\/997"}],"wp:attachment":[{"href":"https:\/\/atdtindomotica.com\/inicio26\/wp-json\/wp\/v2\/media?parent=3"}],"curies":[{"name":"wp","href":"https:\/\/api.w.org\/{rel}","templated":true}]}}